{"id":644,"date":"2024-09-16T20:57:08","date_gmt":"2024-09-16T18:57:08","guid":{"rendered":"https:\/\/www.lulumarlo.com\/?post_type=product&#038;p=644"},"modified":"2024-10-21T20:31:24","modified_gmt":"2024-10-21T18:31:24","slug":"suspension-feuilles","status":"publish","type":"product","link":"https:\/\/www.lulumarlo.com\/index.php\/produit\/suspension-feuilles\/","title":{"rendered":"Suspension feuilles"},"content":{"rendered":"","protected":false},"excerpt":{"rendered":"<p>Cr\u00e9ation : feuilles en argile rouge \u00e9maill\u00e9e<\/p>\n","protected":false},"featured_media":625,"template":"","meta":[],"product_cat":[27,24,20,21],"product_tag":[],"class_list":{"0":"post-644","1":"product","2":"type-product","3":"status-publish","4":"has-post-thumbnail","6":"product_cat-ceramique","7":"product_cat-la-terre","8":"product_cat-a-accrocher","9":"product_cat-a-suspendre","11":"first","12":"outofstock","13":"shipping-taxable","14":"product-type-simple"},"_links":{"self":[{"href":"https:\/\/www.lulumarlo.com\/index.php\/wp-json\/wp\/v2\/product\/644","targetHints":{"allow":["GET"]}}],"collection":[{"href":"https:\/\/www.lulumarlo.com\/index.php\/wp-json\/wp\/v2\/product"}],"about":[{"href":"https:\/\/www.lulumarlo.com\/index.php\/wp-json\/wp\/v2\/types\/product"}],"wp:featuredmedia":[{"embeddable":true,"href":"https:\/\/www.lulumarlo.com\/index.php\/wp-json\/wp\/v2\/media\/625"}],"wp:attachment":[{"href":"https:\/\/www.lulumarlo.com\/index.php\/wp-json\/wp\/v2\/media?parent=644"}],"wp:term":[{"taxonomy":"product_cat","embeddable":true,"href":"https:\/\/www.lulumarlo.com\/index.php\/wp-json\/wp\/v2\/product_cat?post=644"},{"taxonomy":"product_tag","embeddable":true,"href":"https:\/\/www.lulumarlo.com\/index.php\/wp-json\/wp\/v2\/product_tag?post=644"}],"curies":[{"name":"wp","href":"https:\/\/api.w.org\/{rel}","templated":true}]}}