{"id":612,"date":"2024-09-14T18:31:25","date_gmt":"2024-09-14T16:31:25","guid":{"rendered":"https:\/\/www.lulumarlo.com\/?post_type=product&#038;p=612"},"modified":"2025-03-15T21:42:43","modified_gmt":"2025-03-15T20:42:43","slug":"attrape-reves-2","status":"publish","type":"product","link":"https:\/\/www.lulumarlo.com\/index.php\/produit\/attrape-reves-2\/","title":{"rendered":"Attrape r\u00eaves"},"content":{"rendered":"","protected":false},"excerpt":{"rendered":"<p>Cr\u00e9ation compos\u00e9e de plumes et de feuille en argile rouge \u00e9maill\u00e9es<\/p>\n","protected":false},"featured_media":579,"template":"","meta":[],"product_cat":[27,20,21],"product_tag":[],"class_list":{"0":"post-612","1":"product","2":"type-product","3":"status-publish","4":"has-post-thumbnail","6":"product_cat-ceramique","7":"product_cat-a-accrocher","8":"product_cat-a-suspendre","10":"first","11":"instock","12":"shipping-taxable","13":"product-type-simple"},"_links":{"self":[{"href":"https:\/\/www.lulumarlo.com\/index.php\/wp-json\/wp\/v2\/product\/612","targetHints":{"allow":["GET"]}}],"collection":[{"href":"https:\/\/www.lulumarlo.com\/index.php\/wp-json\/wp\/v2\/product"}],"about":[{"href":"https:\/\/www.lulumarlo.com\/index.php\/wp-json\/wp\/v2\/types\/product"}],"wp:featuredmedia":[{"embeddable":true,"href":"https:\/\/www.lulumarlo.com\/index.php\/wp-json\/wp\/v2\/media\/579"}],"wp:attachment":[{"href":"https:\/\/www.lulumarlo.com\/index.php\/wp-json\/wp\/v2\/media?parent=612"}],"wp:term":[{"taxonomy":"product_cat","embeddable":true,"href":"https:\/\/www.lulumarlo.com\/index.php\/wp-json\/wp\/v2\/product_cat?post=612"},{"taxonomy":"product_tag","embeddable":true,"href":"https:\/\/www.lulumarlo.com\/index.php\/wp-json\/wp\/v2\/product_tag?post=612"}],"curies":[{"name":"wp","href":"https:\/\/api.w.org\/{rel}","templated":true}]}}