{"id":568,"date":"2024-08-05T14:23:44","date_gmt":"2024-08-05T12:23:44","guid":{"rendered":"https:\/\/www.lulumarlo.com\/?post_type=product&#038;p=568"},"modified":"2024-10-21T20:37:16","modified_gmt":"2024-10-21T18:37:16","slug":"cactus-recto-verso","status":"publish","type":"product","link":"https:\/\/www.lulumarlo.com\/index.php\/produit\/cactus-recto-verso\/","title":{"rendered":"Cactus recto verso"},"content":{"rendered":"","protected":false},"excerpt":{"rendered":"<p>Cette cr\u00e9ation ce compose de Cactus recto verso peint sur une planche en bois flott\u00e9 \u00e0 l&#8217;acrylique<\/p>\n<p>sur un socle en bois et galets<\/p>\n<p>(77 cm hauteur X 20 cm largeur)<\/p>\n","protected":false},"featured_media":87,"template":"","meta":[],"product_cat":[28,34,24,22],"product_tag":[],"class_list":{"0":"post-568","1":"product","2":"type-product","3":"status-publish","4":"has-post-thumbnail","6":"product_cat-bois","7":"product_cat-peinture","8":"product_cat-la-terre","9":"product_cat-a-poser","11":"first","12":"instock","13":"shipping-taxable","14":"product-type-simple"},"_links":{"self":[{"href":"https:\/\/www.lulumarlo.com\/index.php\/wp-json\/wp\/v2\/product\/568","targetHints":{"allow":["GET"]}}],"collection":[{"href":"https:\/\/www.lulumarlo.com\/index.php\/wp-json\/wp\/v2\/product"}],"about":[{"href":"https:\/\/www.lulumarlo.com\/index.php\/wp-json\/wp\/v2\/types\/product"}],"wp:featuredmedia":[{"embeddable":true,"href":"https:\/\/www.lulumarlo.com\/index.php\/wp-json\/wp\/v2\/media\/87"}],"wp:attachment":[{"href":"https:\/\/www.lulumarlo.com\/index.php\/wp-json\/wp\/v2\/media?parent=568"}],"wp:term":[{"taxonomy":"product_cat","embeddable":true,"href":"https:\/\/www.lulumarlo.com\/index.php\/wp-json\/wp\/v2\/product_cat?post=568"},{"taxonomy":"product_tag","embeddable":true,"href":"https:\/\/www.lulumarlo.com\/index.php\/wp-json\/wp\/v2\/product_tag?post=568"}],"curies":[{"name":"wp","href":"https:\/\/api.w.org\/{rel}","templated":true}]}}