{"id":552,"date":"2024-08-02T22:11:07","date_gmt":"2024-08-02T20:11:07","guid":{"rendered":"https:\/\/www.lulumarlo.com\/?post_type=product&#038;p=552"},"modified":"2025-03-15T21:44:59","modified_gmt":"2025-03-15T20:44:59","slug":"552","status":"publish","type":"product","link":"https:\/\/www.lulumarlo.com\/index.php\/produit\/552\/","title":{"rendered":"Figuier de barbarie sur bois flott\u00e9"},"content":{"rendered":"","protected":false},"excerpt":{"rendered":"<p>Cette cr\u00e9ation ce compose de 4 feuilles de figuier de barbarie et de 3 figues de barbarie en argile blanche patin\u00e9e<\/p>\n<p>(58 cm longueur X 17 cm hauteur X 18 cm largeur)<\/p>\n","protected":false},"featured_media":606,"template":"","meta":[],"product_cat":[27,24,22],"product_tag":[],"class_list":{"0":"post-552","1":"product","2":"type-product","3":"status-publish","4":"has-post-thumbnail","6":"product_cat-ceramique","7":"product_cat-la-terre","8":"product_cat-a-poser","10":"first","11":"instock","12":"shipping-taxable","13":"product-type-simple"},"_links":{"self":[{"href":"https:\/\/www.lulumarlo.com\/index.php\/wp-json\/wp\/v2\/product\/552","targetHints":{"allow":["GET"]}}],"collection":[{"href":"https:\/\/www.lulumarlo.com\/index.php\/wp-json\/wp\/v2\/product"}],"about":[{"href":"https:\/\/www.lulumarlo.com\/index.php\/wp-json\/wp\/v2\/types\/product"}],"wp:featuredmedia":[{"embeddable":true,"href":"https:\/\/www.lulumarlo.com\/index.php\/wp-json\/wp\/v2\/media\/606"}],"wp:attachment":[{"href":"https:\/\/www.lulumarlo.com\/index.php\/wp-json\/wp\/v2\/media?parent=552"}],"wp:term":[{"taxonomy":"product_cat","embeddable":true,"href":"https:\/\/www.lulumarlo.com\/index.php\/wp-json\/wp\/v2\/product_cat?post=552"},{"taxonomy":"product_tag","embeddable":true,"href":"https:\/\/www.lulumarlo.com\/index.php\/wp-json\/wp\/v2\/product_tag?post=552"}],"curies":[{"name":"wp","href":"https:\/\/api.w.org\/{rel}","templated":true}]}}