{"id":544,"date":"2024-08-02T21:52:30","date_gmt":"2024-08-02T19:52:30","guid":{"rendered":"https:\/\/www.lulumarlo.com\/?post_type=product&#038;p=544"},"modified":"2025-03-15T21:45:20","modified_gmt":"2025-03-15T20:45:20","slug":"totem-de-poissons-noir-et-blanc","status":"publish","type":"product","link":"https:\/\/www.lulumarlo.com\/index.php\/produit\/totem-de-poissons-noir-et-blanc\/","title":{"rendered":"Totem de poissons noir et blanc"},"content":{"rendered":"","protected":false},"excerpt":{"rendered":"<p>Cr\u00e9ation\u00a0 en bois douglas peint sur les 4 faces \u00e0 l&#8217;acrylique et de 3 poissons en c\u00e9ramique patin\u00e9e<\/p>\n<p>(58 cm hauteur X 17 cm longueur X 12 cm largeur)<\/p>\n","protected":false},"featured_media":604,"template":"","meta":[],"product_cat":[28,34,23,22],"product_tag":[],"class_list":{"0":"post-544","1":"product","2":"type-product","3":"status-publish","4":"has-post-thumbnail","6":"product_cat-bois","7":"product_cat-peinture","8":"product_cat-l-eau","9":"product_cat-a-poser","11":"first","12":"instock","13":"shipping-taxable","14":"product-type-simple"},"_links":{"self":[{"href":"https:\/\/www.lulumarlo.com\/index.php\/wp-json\/wp\/v2\/product\/544","targetHints":{"allow":["GET"]}}],"collection":[{"href":"https:\/\/www.lulumarlo.com\/index.php\/wp-json\/wp\/v2\/product"}],"about":[{"href":"https:\/\/www.lulumarlo.com\/index.php\/wp-json\/wp\/v2\/types\/product"}],"wp:featuredmedia":[{"embeddable":true,"href":"https:\/\/www.lulumarlo.com\/index.php\/wp-json\/wp\/v2\/media\/604"}],"wp:attachment":[{"href":"https:\/\/www.lulumarlo.com\/index.php\/wp-json\/wp\/v2\/media?parent=544"}],"wp:term":[{"taxonomy":"product_cat","embeddable":true,"href":"https:\/\/www.lulumarlo.com\/index.php\/wp-json\/wp\/v2\/product_cat?post=544"},{"taxonomy":"product_tag","embeddable":true,"href":"https:\/\/www.lulumarlo.com\/index.php\/wp-json\/wp\/v2\/product_tag?post=544"}],"curies":[{"name":"wp","href":"https:\/\/api.w.org\/{rel}","templated":true}]}}