{"id":531,"date":"2024-08-02T20:35:34","date_gmt":"2024-08-02T18:35:34","guid":{"rendered":"https:\/\/www.lulumarlo.com\/?post_type=product&#038;p=531"},"modified":"2025-03-15T21:48:45","modified_gmt":"2025-03-15T20:48:45","slug":"le-manege-des-hippocampes-en-kintsugi","status":"publish","type":"product","link":"https:\/\/www.lulumarlo.com\/index.php\/produit\/le-manege-des-hippocampes-en-kintsugi\/","title":{"rendered":"Le man\u00e8ge des hippocampes en kintsugi"},"content":{"rendered":"","protected":false},"excerpt":{"rendered":"<p>Cette cr\u00e9ation ce compose 5 hippocampes kintsugi en argile blanche patin\u00e9e sur un socle en bois flott\u00e9<\/p>\n<p>(longueur 50 cm X 25 cm hauteur)<\/p>\n","protected":false},"featured_media":595,"template":"","meta":[],"product_cat":[26,27,23,22],"product_tag":[],"class_list":{"0":"post-531","1":"product","2":"type-product","3":"status-publish","4":"has-post-thumbnail","6":"product_cat-kintsugi","7":"product_cat-ceramique","8":"product_cat-l-eau","9":"product_cat-a-poser","11":"first","12":"outofstock","13":"shipping-taxable","14":"product-type-simple"},"_links":{"self":[{"href":"https:\/\/www.lulumarlo.com\/index.php\/wp-json\/wp\/v2\/product\/531","targetHints":{"allow":["GET"]}}],"collection":[{"href":"https:\/\/www.lulumarlo.com\/index.php\/wp-json\/wp\/v2\/product"}],"about":[{"href":"https:\/\/www.lulumarlo.com\/index.php\/wp-json\/wp\/v2\/types\/product"}],"wp:featuredmedia":[{"embeddable":true,"href":"https:\/\/www.lulumarlo.com\/index.php\/wp-json\/wp\/v2\/media\/595"}],"wp:attachment":[{"href":"https:\/\/www.lulumarlo.com\/index.php\/wp-json\/wp\/v2\/media?parent=531"}],"wp:term":[{"taxonomy":"product_cat","embeddable":true,"href":"https:\/\/www.lulumarlo.com\/index.php\/wp-json\/wp\/v2\/product_cat?post=531"},{"taxonomy":"product_tag","embeddable":true,"href":"https:\/\/www.lulumarlo.com\/index.php\/wp-json\/wp\/v2\/product_tag?post=531"}],"curies":[{"name":"wp","href":"https:\/\/api.w.org\/{rel}","templated":true}]}}