{"id":460,"date":"2024-07-29T16:36:59","date_gmt":"2024-07-29T14:36:59","guid":{"rendered":"https:\/\/www.lulumarlo.com\/?post_type=product&#038;p=460"},"modified":"2024-10-21T20:53:35","modified_gmt":"2024-10-21T18:53:35","slug":"etoile-de-mer-ceramique","status":"publish","type":"product","link":"https:\/\/www.lulumarlo.com\/index.php\/produit\/etoile-de-mer-ceramique\/","title":{"rendered":"Etoile de Mer ceramique"},"content":{"rendered":"","protected":false},"excerpt":{"rendered":"<p>Cr\u00e9ations : Etoile de mer en argile blanche \u00e9maill\u00e9e sur socle en bois flott\u00e9<\/p>\n<p>(15 cm largeur X 15 cm hauteur)<\/p>\n","protected":false},"featured_media":583,"template":"","meta":[],"product_cat":[27,23,22],"product_tag":[],"class_list":{"0":"post-460","1":"product","2":"type-product","3":"status-publish","4":"has-post-thumbnail","6":"product_cat-ceramique","7":"product_cat-l-eau","8":"product_cat-a-poser","10":"first","11":"outofstock","12":"shipping-taxable","13":"product-type-simple"},"_links":{"self":[{"href":"https:\/\/www.lulumarlo.com\/index.php\/wp-json\/wp\/v2\/product\/460","targetHints":{"allow":["GET"]}}],"collection":[{"href":"https:\/\/www.lulumarlo.com\/index.php\/wp-json\/wp\/v2\/product"}],"about":[{"href":"https:\/\/www.lulumarlo.com\/index.php\/wp-json\/wp\/v2\/types\/product"}],"wp:featuredmedia":[{"embeddable":true,"href":"https:\/\/www.lulumarlo.com\/index.php\/wp-json\/wp\/v2\/media\/583"}],"wp:attachment":[{"href":"https:\/\/www.lulumarlo.com\/index.php\/wp-json\/wp\/v2\/media?parent=460"}],"wp:term":[{"taxonomy":"product_cat","embeddable":true,"href":"https:\/\/www.lulumarlo.com\/index.php\/wp-json\/wp\/v2\/product_cat?post=460"},{"taxonomy":"product_tag","embeddable":true,"href":"https:\/\/www.lulumarlo.com\/index.php\/wp-json\/wp\/v2\/product_tag?post=460"}],"curies":[{"name":"wp","href":"https:\/\/api.w.org\/{rel}","templated":true}]}}