{"id":391,"date":"2024-07-26T19:03:28","date_gmt":"2024-07-26T17:03:28","guid":{"rendered":"https:\/\/www.lulumarlo.com\/?post_type=product&#038;p=391"},"modified":"2024-10-21T20:57:12","modified_gmt":"2024-10-21T18:57:12","slug":"figuier-de-barbarie-sur-bois-flotte-3","status":"publish","type":"product","link":"https:\/\/www.lulumarlo.com\/index.php\/produit\/figuier-de-barbarie-sur-bois-flotte-3\/","title":{"rendered":"Figuier de Barbarie sur bois flott\u00e9"},"content":{"rendered":"","protected":false},"excerpt":{"rendered":"<p>Feuilles de figuier de barbarie en argile rouge \u00e9maill\u00e9e et figues de barbarie en argile blanche patin\u00e9e sur planche en bois flott\u00e9<\/p>\n<p>(46 cm hauteur X 22 cm largeur)<\/p>\n","protected":false},"featured_media":185,"template":"","meta":[],"product_cat":[28,27,24,20,21],"product_tag":[],"class_list":{"0":"post-391","1":"product","2":"type-product","3":"status-publish","4":"has-post-thumbnail","6":"product_cat-bois","7":"product_cat-ceramique","8":"product_cat-la-terre","9":"product_cat-a-accrocher","10":"product_cat-a-suspendre","12":"first","13":"outofstock","14":"shipping-taxable","15":"product-type-simple"},"_links":{"self":[{"href":"https:\/\/www.lulumarlo.com\/index.php\/wp-json\/wp\/v2\/product\/391","targetHints":{"allow":["GET"]}}],"collection":[{"href":"https:\/\/www.lulumarlo.com\/index.php\/wp-json\/wp\/v2\/product"}],"about":[{"href":"https:\/\/www.lulumarlo.com\/index.php\/wp-json\/wp\/v2\/types\/product"}],"wp:featuredmedia":[{"embeddable":true,"href":"https:\/\/www.lulumarlo.com\/index.php\/wp-json\/wp\/v2\/media\/185"}],"wp:attachment":[{"href":"https:\/\/www.lulumarlo.com\/index.php\/wp-json\/wp\/v2\/media?parent=391"}],"wp:term":[{"taxonomy":"product_cat","embeddable":true,"href":"https:\/\/www.lulumarlo.com\/index.php\/wp-json\/wp\/v2\/product_cat?post=391"},{"taxonomy":"product_tag","embeddable":true,"href":"https:\/\/www.lulumarlo.com\/index.php\/wp-json\/wp\/v2\/product_tag?post=391"}],"curies":[{"name":"wp","href":"https:\/\/api.w.org\/{rel}","templated":true}]}}