{"id":179,"date":"2024-07-25T18:03:55","date_gmt":"2024-07-25T16:03:55","guid":{"rendered":"http:\/\/www.lulumarlo.com\/?post_type=product&#038;p=179"},"modified":"2024-10-21T21:03:01","modified_gmt":"2024-10-21T19:03:01","slug":"totem-poissons","status":"publish","type":"product","link":"https:\/\/www.lulumarlo.com\/index.php\/produit\/totem-poissons\/","title":{"rendered":"Totem Poissons"},"content":{"rendered":"","protected":false},"excerpt":{"rendered":"<p>Cette cr\u00e9ation ce compose d&#8217;un totem en bois douglas peint \u00e0 l&#8217;acrylique et de 4 poissons en argile blanche ou rouge \u00e9maill\u00e9e ou patin\u00e9e<\/p>\n<p>(60 cm hauteur X 19 cm largeur X 10 cm \u00e9paisseur)<\/p>\n<p>&nbsp;<\/p>\n","protected":false},"featured_media":603,"template":"","meta":[],"product_cat":[28,34,27,23,22],"product_tag":[],"class_list":{"0":"post-179","1":"product","2":"type-product","3":"status-publish","4":"has-post-thumbnail","6":"product_cat-bois","7":"product_cat-peinture","8":"product_cat-ceramique","9":"product_cat-l-eau","10":"product_cat-a-poser","12":"first","13":"instock","14":"shipping-taxable","15":"product-type-simple"},"_links":{"self":[{"href":"https:\/\/www.lulumarlo.com\/index.php\/wp-json\/wp\/v2\/product\/179","targetHints":{"allow":["GET"]}}],"collection":[{"href":"https:\/\/www.lulumarlo.com\/index.php\/wp-json\/wp\/v2\/product"}],"about":[{"href":"https:\/\/www.lulumarlo.com\/index.php\/wp-json\/wp\/v2\/types\/product"}],"wp:featuredmedia":[{"embeddable":true,"href":"https:\/\/www.lulumarlo.com\/index.php\/wp-json\/wp\/v2\/media\/603"}],"wp:attachment":[{"href":"https:\/\/www.lulumarlo.com\/index.php\/wp-json\/wp\/v2\/media?parent=179"}],"wp:term":[{"taxonomy":"product_cat","embeddable":true,"href":"https:\/\/www.lulumarlo.com\/index.php\/wp-json\/wp\/v2\/product_cat?post=179"},{"taxonomy":"product_tag","embeddable":true,"href":"https:\/\/www.lulumarlo.com\/index.php\/wp-json\/wp\/v2\/product_tag?post=179"}],"curies":[{"name":"wp","href":"https:\/\/api.w.org\/{rel}","templated":true}]}}